= 11*v**2 + 34*v - 1. Is x(-24) a composite number?
False
Suppose -4*v + 374388 = 4*d - 2396, -v - 3*d = -94186. Is v composite?
False
Let a be 1 - 10*1/(-2). Suppose 8*l - 1292 = a*l. Suppose 2*b = -0*b + l. Is b a prime number?
False
Let k(j) = j**2 + 6*j - 6. Let y be k(-7). Let h(q) = 0 + 4*q - y - 2*q. Is h(2) a composite number?
False
Suppose -13*v = -8*v - 15. Is (1228/v)/((-4)/(-6)) prime?
False
Suppose 182*k = 201*k - 765263. Is k a prime number?
True
Suppose 0 = -411*h + 430*h - 163039. Is h composite?
False
Let a = -69 - -71. Suppose -4*h = -5*d - 1206 - 298, 0 = -5*h - a*d + 1847. Is h a composite number?
True
Suppose q - 587 = 1647. Is (5 - q)*2/(-6) composite?
False
Suppose 83*u - 55*u - 103124 = 0. Is u prime?
False
Suppose -78815 + 9826 = -19*p. Is p prime?
True
Suppose 30*j = 19*j + 69883. Is j composite?
False
Suppose u = 5*i - 90446, 13*i - 9*i + u = 72355. Is i prime?
True
Suppose -3*q + 23 - 8 = 0. Suppose -3*r + 3*v + 9120 = 0, -q*r - v + 14601 + 569 = 0. Is r a prime number?
False
Let v = 8 - -15. Let z = v + -19. Is (-1*z)/(-4) + 82 composite?
False
Suppose -4*y = 2*s - 678, 0 = -2*y - 0*y + s + 337. Is y composite?
True
Let k(g) = -18430*g**3 + 7*g**2 + 6*g. Is k(-1) a composite number?
True
Suppose -4*l = -3*j + 1763, 2*j + 2*l - 591 = j. Let z = -135 + j. Suppose -4*y = -0*r + 2*r - z, -111 = -y + 2*r. Is y a composite number?
False
Is (-32)/(-80) + ((-12258)/(-15))/2 prime?
True
Let p(d) = 342*d**2 + 2*d - 1. Suppose -b + 4*o + 18 = 0, -2*b + 2*o = -o - 16. Is p(b) a prime number?
False
Let z(v) = -16*v + 407. Is z(0) a composite number?
True
Suppose 21 = 2*b - 3*a, 0 = -2*b + 4*b + a - 1. Suppose 5 = b*f - 1. Suppose -o - 35 = -4*s + f*o, 2*s + 5*o = 37. Is s a composite number?
False
Let m be -1*(4 + -1) + 5. Suppose 3*o + 5*w = 74, m*w - 61 = -5*o + 94. Suppose -2*t + o = -t. Is t a composite number?
True
Let x = 840 - 583. Is x a composite number?
False
Suppose 4*z - 49 = x + 12, -3*z - 2*x = -32. Suppose -b + 2*l = b - 2, 5*b = -4*l + z. Is (-2)/(-6)*(b + 667) composite?
False
Suppose 12 = -4*g - 4*k, 5*g + k = 3*k - 8. Let q be 3 + g*1/2. Is (-1671)/(-15) - q/5 prime?
False
Let l(p) = 1608*p - 71. Is l(6) a prime number?
False
Suppose -6*p - 165 = 1125. Let n be (p/4)/(3/12). Let h = n - -328. Is h composite?
False
Let g = 266 + -136. Suppose -3*k = -2*n - 98, 5*k - g = -3*n - 2*n. Is (1 - 3) + k + 5 composite?
True
Suppose -2*v + 6*v + n - 45 = 0, 5*n = -3*v + 21. Let d be (12/(-9) + 2)/((-8)/(-372)). Let u = d - v. Is u a prime number?
True
Is (-92824)/(-246) + 5/3 a prime number?
True
Let q = 80 + -80. Suppose q = -7*a + 5*a + 518. Is a composite?
True
Let g = -11 + 19. Let k(m) = -4*m**2 - 8*m - m**2 + 2*m**3 - 4 - g. Is k(7) a prime number?
True
Let w(t) = -t**3 - 64*t**2 + 13669. Is w(0) composite?
False
Let v = 2 - -4. Suppose -1924 = -5*x - 4*p, 0 = -4*x - v*p + p + 1541. Let q = 671 + x. Is q a prime number?
False
Suppose -3 = o, 2*u - 3*u - 2*o - 4 = 0. Suppose -u*j = -5*j + 12. Suppose 4*g + 0 = v - 21, j*g - 84 = -4*v. Is v a composite number?
True
Suppose -4*l = -3*a - 4190, 3*l + 2*a = l + 2088. Suppose -l - 1297 = -3*r. Is r a composite number?
True
Let h(o) be the first derivative of -8*o**2 - o + 3. Suppose 2*i + 2*g + 6 = -12, -i - 11 = 3*g. Is h(i) composite?
False
Let p(f) be the third derivative of f**5/60 + f**4/3 + f**3/3 + 2*f**2. Let i be p(-8). Suppose 4*l - 3*y = -2*y + 639, 493 = 3*l + i*y. Is l prime?
False
Let q(x) be the first derivative of -x**2 + 3 + 23*x - 25*x**2 - 6*x**2 + 9. Is q(-14) a composite number?
False
Let j(x) = 19*x + 3. Suppose 3*p - 3*o - 25 = 8, 4*p - 56 = o. Let b be j(p). Let u = -87 + b. Is u a prime number?
False
Let h be 14086/8 + -1 + 5/20. Is h + -2 + 4/4 a composite number?
False
Let z be 55/(-4 + (-18)/(-4)). Is (z - 0) + (-2 - -3) prime?
False
Suppose 4*c - 8 = 0, 0 = 3*g + 2*c - 3*c - 47611. Is g composite?
True
Let l(c) = -4*c - 24. Let x be l(-14). Is x/(-48) + (-5758)/(-6) a composite number?
True
Suppose -v - 8255 = -5*f, 0 = -2*f - 4*v - v + 3275. Suppose -12*q - f = -13*q. Suppose -5*a + q = i, 2*a + 4577 = 3*i - 390. Is i a composite number?
True
Let u(m) = -m**2 + 10*m - 8. Let g be u(8). Suppose 3*x + g = 5*x. Is -2 + 2 + 36/x prime?
False
Let d(v) = -v - 4. Let p be d(-4). Let h(l) = 31*l**3 - 10*l**3 - 2*l - 14*l**3 + 171 - 8*l**3 - l**2 + 52. Is h(p) composite?
False
Let t = 235 + -162. Suppose -2*q - 2*q = -84. Let b = t + q. Is b a prime number?
False
Suppose 3*x + 5711 = 2*p + 16424, -4*x - 4*p = -14264. Suppose 3*i + 5*y - x = 10*y, -3577 = -3*i + y. Is i prime?
True
Is 2/(-14) + 519012/273 prime?
True
Let c(r) = r**3 + 4*r**2 - 2*r - 7. Let k be -1 + -5 - (-24 - -22). Let i be c(k). Suppose -i = -5*f + 264. Is f composite?
False
Let u(q) = -693*q - 461. Is u(-18) a prime number?
False
Suppose 0*i + 57023 = -3*i + 5*d, -4*i = 2*d + 76048. Let v = i - -28439. Suppose v = 2*h + 2*h. Is h composite?
False
Let n(w) = -28 + 411 + 2*w - w**2 - 45 + 108. Is n(0) a composite number?
True
Let a be 4/6 - 22/(-3). Let s(o) = o**2 - 1. Let b(k) = 2*k**2 - 6*k - 3. Let v(x) = b(x) + 4*s(x). Is v(a) prime?
False
Suppose -22807 = -5*a - i, 2*i = -0*a + 4*a - 18240. Is a composite?
False
Let p be 145/(-2) + 21/14. Let s = 20 - p. Is s prime?
False
Suppose 5*h + z = 5227, 3*h - 5*z - 4518 = -1393. Suppose -7*o - 72 + h = 0. Is o composite?
False
Suppose 6*y + 13 = 2*u + 11*y, -u - 6 = 5*y. Is (-80855)/(-95) + (-2)/u a composite number?
True
Let q(x) = 585*x - 181. Is q(10) a composite number?
False
Suppose -13*z + 61*z - 2977296 = 0. Is z a composite number?
True
Let z(o) be the third derivative of 1/120*o**6 + 0 + 0*o - 1/3*o**3 - 7/24*o**4 - 7/60*o**5 - 9*o**2. Is z(8) composite?
True
Suppose -30*v - 297968 = -46*v. Is v a prime number?
False
Suppose q = -0*q + 4, -4*p - q + 824 = 0. Let n = p + 376. Is n a prime number?
False
Suppose 2*m = -c - 16, 3*m + 2*m + 20 = 0. Let p be 0*((-4)/c - 0). Suppose 5*b = p, 218 = 2*l - 0*b + 4*b. Is l a composite number?
False
Let d(h) = 962*h + 2. Let r be d(14). Let v be 11/(-77) + r/14. Suppose -i = -3*i + v. Is i prime?
False
Suppose -127*o + 117316 = -125*o + f, -3*f = -3*o + 175965. Is o composite?
False
Suppose m - 2 - 1 = 0. Suppose -3*l + 28 + 3 = -4*y, -2*l - 2 = m*y. Suppose -l*x = 15, -4*z - 3*x = -2*x - 233. Is z composite?
False
Suppose -184 = 4*v - 6*v. Suppose -v = 3*b - 7*b. Suppose 0 = -4*a + 101 + b. Is a prime?
True
Suppose -m + 3*g = 2626, -3*g - g = -2*m - 5246. Let n = -262 - m. Suppose 18*t - n = 13*t. Is t composite?
True
Suppose -74*u - 899023 = -4247597. Is u composite?
True
Suppose 7*l - 2*l = -5*x + 1090, 2*x = 3*l - 674. Suppose 0 = -3*b + l + 198. Is (b - 1)*(9 - 8) composite?
False
Let t = -90 - -9. Let o = t - -190. Is o composite?
False
Suppose -5*i = -3*z + 8 - 48, -3*z = 4*i - 32. Suppose 3*c - 2*c - 11 = -5*k, -2 = -2*k. Is (-4)/c*(-3972)/i a prime number?
True
Let s(j) = -354*j - 205. Is s(-19) prime?
True
Let q = -121 - -123. Suppose -171 = -q*t - h, -2*t - 3*h + 222 = 49. Is t prime?
False
Let w(z) = -11*z - 19 - 17*z + 48*z. Is w(9) prime?
False
Let s = -20290 + 37887. Is s composite?
False
Let f = 124 + -124. Suppose -5*p = -3*y - f*y + 1656, -2222 = -4*y + 2*p. Is y composite?
False
Let v = 373 + -136. Suppose -2*y - 3*d = -y - 79, -v = -3*y - d. Is y prime?
True
Let g(j) = 15*j**2 - 8*j + 29. Let i(x) = x**3 + 29*x**2 + 6. Let b be i(-29). Is g(b) composite?
False
Let f(u) = 9 + 273*u**3 - 14 + 6 - u**2. Let b be f(-1). Let c = b + 484. Is c prime?
True
Let x be 3 + 0 - (-92 + 1). Suppose -290 = -3*l + m, l - 6*m = -3*m + x. Is l composite?
False
Suppose 5 = -4*o - 5*j, 0*o - 5 = -5*o + 5*j. Suppose o*s + s - 3 = -g, 5*s - 3*g = 7. Suppose -3*n - s*n + 70 = 0. Is n a prime number?
False
Let f(a) = 3*a**2 - 9*a - 47. Suppose 43*z - 28 = 45*z. Is f(z) a prime number?
False
Suppose -41*a = -46*a + 3305. Let b = 1 - 1. Suppose b = -5*h + 10, 3*i + 2*i = -3*h + a. Is i a composite number?
False
Let o = -2 - -5. Let i be 0/(-5 - -3) + o. Suppose -3*w - 56 = -4*q + 314, w - 271 = -i*q. Is q composite?
True
Let q = 12 + -10. Let l = q - -5. Is 20/l*21/6 a composite number?
True
Let j be 2 + 2 + -2 - -372. Suppose -2*o + j = -0*o. Is o composite?
True
Is (23 + -22)/(1 + 718